{"id":617,"date":"2021-05-07T14:41:29","date_gmt":"2021-05-07T18:41:29","guid":{"rendered":"http:\/\/espoir-qc.ca\/?page_id=617"},"modified":"2021-05-07T14:48:11","modified_gmt":"2021-05-07T18:48:11","slug":"certified-translation-of-documents","status":"publish","type":"page","link":"https:\/\/espoir-qc.ca\/?page_id=617&lang=en","title":{"rendered":"Certified Translation of Documents"},"content":{"rendered":"<p>Center ESPOIR Qu\u00e9bec offers you a document translation service certified by l\u2019Ordre des traducteurs terminologues et interpr\u00e8tes agr\u00e9\u00e9s du Qu\u00e9bec (OTTIAQ) through certified translators. We also offer you a document review service We translate documents into Arabic, French, and English<\/p>\n<p>Examples of documents:<\/p>\n<ul style=\"list-style-type: square;\">\n<li>Certificates \/ birth certificate,<\/li>\n<li>Certificates \/ marriage certificate,<\/li>\n<li>Certificates \/ death certificate<\/li>\n<li>Driver&#8217;s license<\/li>\n<li>Divorce documents (per page)<\/li>\n<li>Passport (per page)<\/li>\n<li>Academic Qualifications and Diplomas<\/li>\n<li>Contracts<\/li>\n<li>Others\u2026<\/li>\n<\/ul>\n<p>Our translation services are fast and competitively priced. Send a quote request to <a href=\"mailto:info@espoir-qc.ca\">info@espoir-qc.ca<\/a> or Upload your documents<\/p>\n<p>Payment by Interac transfer to <a href=\"mailto:pay@espoir-qc.ca\"><strong>pay@espoir-qc.ca<\/strong><\/a><\/p>\n<h5>Delivery service :<\/h5>\n<ul>\n<li>$ 5 Post Canada mail (4-5 business days after translation is ready)<\/li>\n<li>$ 22 express mail (2 days after translation is ready).<\/li>\n<\/ul>\n\n<div class=\"wpcf7 no-js\" id=\"wpcf7-f616-o1\" lang=\"en-CA\" dir=\"ltr\">\n<div class=\"screen-reader-response\"><p role=\"status\" aria-live=\"polite\" aria-atomic=\"true\"><\/p> <ul><\/ul><\/div>\n<form action=\"\/index.php?rest_route=%2Fwp%2Fv2%2Fpages%2F617#wpcf7-f616-o1\" method=\"post\" class=\"wpcf7-form init\" aria-label=\"Contact form\" enctype=\"multipart\/form-data\" novalidate=\"novalidate\" data-status=\"init\">\n<div style=\"display: none;\">\n<input type=\"hidden\" name=\"_wpcf7\" value=\"616\" \/>\n<input type=\"hidden\" name=\"_wpcf7_version\" value=\"5.9.8\" \/>\n<input type=\"hidden\" name=\"_wpcf7_locale\" value=\"en_CA\" \/>\n<input type=\"hidden\" name=\"_wpcf7_unit_tag\" value=\"wpcf7-f616-o1\" \/>\n<input type=\"hidden\" name=\"_wpcf7_container_post\" value=\"0\" \/>\n<input type=\"hidden\" name=\"_wpcf7_posted_data_hash\" value=\"\" \/>\n<input type=\"hidden\" name=\"_wpcf7cf_hidden_group_fields\" value=\"[]\" \/>\n<input type=\"hidden\" name=\"_wpcf7cf_hidden_groups\" value=\"[]\" \/>\n<input type=\"hidden\" name=\"_wpcf7cf_visible_groups\" value=\"[]\" \/>\n<input type=\"hidden\" name=\"_wpcf7cf_repeaters\" value=\"[]\" \/>\n<input type=\"hidden\" name=\"_wpcf7cf_steps\" value=\"{}\" \/>\n<input type=\"hidden\" name=\"_wpcf7cf_options\" value=\"{&quot;form_id&quot;:616,&quot;conditions&quot;:[],&quot;settings&quot;:{&quot;animation&quot;:&quot;yes&quot;,&quot;animation_intime&quot;:200,&quot;animation_outtime&quot;:200,&quot;conditions_ui&quot;:&quot;normal&quot;,&quot;notice_dismissed&quot;:false}}\" \/>\n<\/div>\n<p><label> First Name<br \/>\n<span class=\"wpcf7-form-control-wrap\" data-name=\"your-first-name\"><input size=\"40\" maxlength=\"400\" class=\"wpcf7-form-control wpcf7-text wpcf7-validates-as-required\" aria-required=\"true\" aria-invalid=\"false\" value=\"\" type=\"text\" name=\"your-first-name\" \/><\/span> <\/label>\n<\/p>\n<p><label> Family Name<br \/>\n<span class=\"wpcf7-form-control-wrap\" data-name=\"your-name\"><input size=\"40\" maxlength=\"400\" class=\"wpcf7-form-control wpcf7-text wpcf7-validates-as-required\" aria-required=\"true\" aria-invalid=\"false\" value=\"\" type=\"text\" name=\"your-name\" \/><\/span> <\/label>\n<\/p>\n<p><label> Telephone<br \/>\n<span class=\"wpcf7-form-control-wrap\" data-name=\"tel-700\"><input size=\"40\" maxlength=\"400\" class=\"wpcf7-form-control wpcf7-tel wpcf7-validates-as-required wpcf7-text wpcf7-validates-as-tel\" aria-required=\"true\" aria-invalid=\"false\" value=\"\" type=\"tel\" name=\"tel-700\" \/><\/span> <\/label>\n<\/p>\n<p><label> Email<br \/>\n<span class=\"wpcf7-form-control-wrap\" data-name=\"your-email\"><input size=\"40\" maxlength=\"400\" class=\"wpcf7-form-control wpcf7-email wpcf7-validates-as-required wpcf7-text wpcf7-validates-as-email\" aria-required=\"true\" aria-invalid=\"false\" value=\"\" type=\"email\" name=\"your-email\" \/><\/span> <\/label>\n<\/p>\n<p><label> Source Language<br \/>\n<span class=\"wpcf7-form-control-wrap\" data-name=\"menu-source_language\"><select class=\"wpcf7-form-control wpcf7-select wpcf7-validates-as-required\" aria-required=\"true\" aria-invalid=\"false\" name=\"menu-source_language\"><option value=\"Anglais\">Anglais<\/option><option value=\"Arabe\">Arabe<\/option><option value=\"Fran\u00e7ais\">Fran\u00e7ais<\/option><\/select><\/span><br \/>\n<\/label>\n<\/p>\n<p><label> Target Language<br \/>\n<span class=\"wpcf7-form-control-wrap\" data-name=\"menu-target_language\"><select class=\"wpcf7-form-control wpcf7-select wpcf7-validates-as-required\" aria-required=\"true\" aria-invalid=\"false\" name=\"menu-target_language\"><option value=\"Anglais\">Anglais<\/option><option value=\"Arabe\">Arabe<\/option><option value=\"Fran\u00e7ais\">Fran\u00e7ais<\/option><\/select><\/span><br \/>\n<\/label>\n<\/p>\n<p><label> Desired Deadline<br \/>\n<span class=\"wpcf7-form-control-wrap\" data-name=\"date-required\"><input class=\"wpcf7-form-control wpcf7-date wpcf7-validates-as-date\" aria-invalid=\"false\" value=\"\" type=\"date\" name=\"date-required\" \/><\/span><br \/>\n<\/label>\n<\/p>\n<p><label> Attach Documents<br \/>\n<span class=\"wpcf7-form-control-wrap\" data-name=\"file-translate\"><input size=\"40\" class=\"wpcf7-form-control wpcf7-file wpcf7-validates-as-required\" accept=\"audio\/*,video\/*,image\/*\" aria-required=\"true\" aria-invalid=\"false\" type=\"file\" name=\"file-translate\" \/><\/span><br \/>\n<\/label>\n<\/p>\n<p><input class=\"wpcf7-form-control wpcf7-submit has-spinner\" type=\"submit\" value=\"Submit\" \/>\n<\/p><div class=\"wpcf7-response-output\" aria-hidden=\"true\"><\/div>\n<\/form>\n<\/div>\n\n","protected":false},"excerpt":{"rendered":"<p>Center ESPOIR Qu\u00e9bec offers you a document translation service certified by l\u2019Ordre des traducteurs terminologues et interpr\u00e8tes agr\u00e9\u00e9s du Qu\u00e9bec (OTTIAQ) through certified translators. We also offer you a document review service We translate documents into Arabic, French, and English Examples of documents: Certificates \/ birth certificate, Certificates \/ marriage certificate, Certificates \/ death certificate [&hellip;]<\/p>\n","protected":false},"author":2,"featured_media":0,"parent":0,"menu_order":0,"comment_status":"closed","ping_status":"closed","template":"","meta":{"footnotes":""},"class_list":["post-617","page","type-page","status-publish","hentry"],"_links":{"self":[{"href":"https:\/\/espoir-qc.ca\/index.php?rest_route=\/wp\/v2\/pages\/617"}],"collection":[{"href":"https:\/\/espoir-qc.ca\/index.php?rest_route=\/wp\/v2\/pages"}],"about":[{"href":"https:\/\/espoir-qc.ca\/index.php?rest_route=\/wp\/v2\/types\/page"}],"author":[{"embeddable":true,"href":"https:\/\/espoir-qc.ca\/index.php?rest_route=\/wp\/v2\/users\/2"}],"replies":[{"embeddable":true,"href":"https:\/\/espoir-qc.ca\/index.php?rest_route=%2Fwp%2Fv2%2Fcomments&post=617"}],"version-history":[{"count":2,"href":"https:\/\/espoir-qc.ca\/index.php?rest_route=\/wp\/v2\/pages\/617\/revisions"}],"predecessor-version":[{"id":621,"href":"https:\/\/espoir-qc.ca\/index.php?rest_route=\/wp\/v2\/pages\/617\/revisions\/621"}],"wp:attachment":[{"href":"https:\/\/espoir-qc.ca\/index.php?rest_route=%2Fwp%2Fv2%2Fmedia&parent=617"}],"curies":[{"name":"wp","href":"https:\/\/api.w.org\/{rel}","templated":true}]}}