{"id":674,"date":"2022-11-26T13:54:59","date_gmt":"2022-11-26T17:54:59","guid":{"rendered":"http:\/\/espoir-qc.ca\/?page_id=674"},"modified":"2022-12-07T17:48:06","modified_gmt":"2022-12-07T21:48:06","slug":"faire-un-don","status":"publish","type":"page","link":"https:\/\/espoir-qc.ca\/?page_id=674","title":{"rendered":"Faire un don"},"content":{"rendered":"<p>Contribuez \u00e0 notre cause en offrant un don par l\u2019une des mani\u00e8res suivantes\u00a0:<\/p>\n<ul>\n<li>PayPal<\/li>\n<\/ul>\n<form action=\"https:\/\/www.paypal.com\/donate\" method=\"post\" target=\"_top\"><input name=\"hosted_button_id\" type=\"hidden\" value=\"Z8VF5C46DTKSU\" \/> <input title=\"PayPal - The safer, easier way to pay online!\" alt=\"Donate with PayPal button\" name=\"submit\" src=\"https:\/\/www.paypalobjects.com\/en_US\/i\/btn\/btn_donateCC_LG.gif\" type=\"image\" \/> <img loading=\"lazy\" decoding=\"async\" class=\"aligncenter\" src=\"https:\/\/www.paypal.com\/en_CA\/i\/scr\/pixel.gif\" alt=\"\" width=\"1\" height=\"1\" border=\"0\" \/><\/form>\n<ul>\n<li>PayPal QR Code<\/li>\n<\/ul>\n<p><img loading=\"lazy\" decoding=\"async\" class=\"size-full wp-image-731 aligncenter\" src=\"http:\/\/espoir-qc.ca\/wp-content\/uploads\/2022\/12\/Donate_QR_Code-1.png\" alt=\"\" width=\"172\" height=\"172\" srcset=\"https:\/\/espoir-qc.ca\/wp-content\/uploads\/2022\/12\/Donate_QR_Code-1.png 172w, https:\/\/espoir-qc.ca\/wp-content\/uploads\/2022\/12\/Donate_QR_Code-1-150x150.png 150w, https:\/\/espoir-qc.ca\/wp-content\/uploads\/2022\/12\/Donate_QR_Code-1-88x88.png 88w\" sizes=\"(max-width: 172px) 100vw, 172px\" \/><\/p>\n<ul>\n<li>Par ch\u00e8que \u00e9mis \u00e0 l&#8217;ordre de : Centre ESPOIR Qu\u00e9bec et envoy\u00e9 au 6098 Grande-Allee, Saint-Hubert, J3Y 1B4, Qu\u00e9bec.<\/li>\n<li>Par transfert \u00e9lectronique \u00e0 l&#8217;adresse <a href=\"mailto:pay@espoir-qc.ca\">pay@espoir-qc.ca<\/a><\/li>\n<\/ul>\n<p>Envoyez la r\u00e9ponse \u00e0 la question de s\u00e9curit\u00e9 dans un courriel s\u00e9par\u00e9 avec votre nom complet, votre adresse et votre courriel afin que nous puissions vous \u00e9mettre le re\u00e7u fiscal pour votre don \u00e0 la fin de l&#8217;ann\u00e9e.<\/p>\n","protected":false},"excerpt":{"rendered":"<p>Contribuez \u00e0 notre cause en offrant un don par l\u2019une des mani\u00e8res suivantes\u00a0: PayPal PayPal QR Code Par ch\u00e8que \u00e9mis \u00e0 l&#8217;ordre de : Centre ESPOIR Qu\u00e9bec et envoy\u00e9 au 6098 Grande-Allee, Saint-Hubert, J3Y 1B4, Qu\u00e9bec. Par transfert \u00e9lectronique \u00e0 l&#8217;adresse pay@espoir-qc.ca Envoyez la r\u00e9ponse \u00e0 la question de s\u00e9curit\u00e9 dans un courriel s\u00e9par\u00e9 avec [&hellip;]<\/p>\n","protected":false},"author":2,"featured_media":0,"parent":0,"menu_order":0,"comment_status":"closed","ping_status":"closed","template":"","meta":{"footnotes":""},"class_list":["post-674","page","type-page","status-publish","hentry"],"_links":{"self":[{"href":"https:\/\/espoir-qc.ca\/index.php?rest_route=\/wp\/v2\/pages\/674"}],"collection":[{"href":"https:\/\/espoir-qc.ca\/index.php?rest_route=\/wp\/v2\/pages"}],"about":[{"href":"https:\/\/espoir-qc.ca\/index.php?rest_route=\/wp\/v2\/types\/page"}],"author":[{"embeddable":true,"href":"https:\/\/espoir-qc.ca\/index.php?rest_route=\/wp\/v2\/users\/2"}],"replies":[{"embeddable":true,"href":"https:\/\/espoir-qc.ca\/index.php?rest_route=%2Fwp%2Fv2%2Fcomments&post=674"}],"version-history":[{"count":3,"href":"https:\/\/espoir-qc.ca\/index.php?rest_route=\/wp\/v2\/pages\/674\/revisions"}],"predecessor-version":[{"id":733,"href":"https:\/\/espoir-qc.ca\/index.php?rest_route=\/wp\/v2\/pages\/674\/revisions\/733"}],"wp:attachment":[{"href":"https:\/\/espoir-qc.ca\/index.php?rest_route=%2Fwp%2Fv2%2Fmedia&parent=674"}],"curies":[{"name":"wp","href":"https:\/\/api.w.org\/{rel}","templated":true}]}}